+ 72. Let t = 23 - 33. Let a = d + t. What are the prime factors of a?
2, 3
Suppose -5*s = 20, 0 = 3*v + 2*v + 3*s + 32. Let t(g) = 2*g**2 - 2*g - 2. What are the prime factors of t(v)?
2, 19
Suppose -3*l + 48 = -3*c + 147, -4*c - l = -122. Let o be (1/(-2))/1*-16. Let v = c + o. What are the prime factors of v?
3, 13
Let v = 216 - 90. What are the prime factors of v?
2, 3, 7
Let f be (-6)/(-5)*1350/20. Let t(o) = -20*o + 4. Let a be t(-7). Let b = a - f. What are the prime factors of b?
3, 7
Suppose -3*p = 4*d - 28, -4*p = -5*p - 5*d + 24. Suppose 5*b - 9 = -p*j, -2 = 4*j + b + 9. What are the prime factors of (-2 - j) + 14/1?
2
Let u(c) = -c**2 - 9*c - 14. Let t be u(-6). Suppose 619 = t*h + 139. What are the prime factors of h?
2, 3, 5
Let z = 11 - 19. Let b be z/(-36) - (-65)/(-9). Let f = 30 + b. List the prime factors of f.
23
Let z be 15/(-10) - (3 - (-14)/(-4)). What are the prime factors of 178 - 3/(-2 + z)?
179
Let k(n) = 4 - 30*n**2 + 15*n**2 + 16*n**2 + 5 - 2*n. Let p = 3 + 0. What are the prime factors of k(p)?
2, 3
What are the prime factors of -3 + 4*830/10?
7, 47
Let v = 5474 + -3282. What are the prime factors of v?
2, 137
Suppose h = 3*f + 180, -4*h - 3*f + 780 = -0*h. Let t = h - 128. What are the prime factors of t?
2
Let t(d) = -d**2 + 8*d - 4. Let s be t(7). Let b(k) = 3*k**2 - 4*k + 6*k**2 - 2*k**2 - s. List the prime factors of b(3).
2, 3
Let j(n) be the second derivative of 25*n**3/6 + 37*n**2/2 + 25*n. List the prime factors of j(6).
11, 17
Let c(s) = -s**2 - 15*s - 12. Let b be c(-14). Suppose 0 = -j + b*z + 88, 0 = 4*j - 5*z - 279 - 58. Suppose -k = k - j. What are the prime factors of k?
3, 13
Let m be 0 + -4 - -1034 - -2. Suppose -q = -7*q + m. What are the prime factors of q?
2, 43
Suppose -1189 - 1107 = -2*k. List the prime factors of k.
2, 7, 41
Suppose -3*n + 3*v + 380 + 775 = 0, -3*v = -2*n + 773. What are the prime factors of n?
2, 191
Suppose -34 = -5*i + v, -2*v + 2 = -0. Suppose 3*g - 90 = -21. Let t = g - i. List the prime factors of t.
2
Suppose 0 = -8*p + 3368 - 64. What are the prime factors of p?
7, 59
Let y = 1032 - -1592. List the prime factors of y.
2, 41
Let d(h) = h**3 - 18*h**2 + 16*h + 20. Suppose k + 3*w = 17, w - 12 - 73 = -5*k. List the prime factors of d(k).
3
Let l = -3 - -9. Suppose -8 = l*i - 4*i. Let z(q) = -q**2 - 6*q - 4. What are the prime factors of z(i)?
2
Suppose -5*h = -4*a - 1, -h + 10 = h. Let k be 2/(1/21*a). What are the prime factors of (k/(-14))/((-1)/94)?
47
What are the prime factors of (-74)/(-259) + (-33031)/(-7)?
3, 11, 13
Suppose -3*b - 2*b + n + 2 = 0, -4*n - 8 = 3*b. Suppose 2*l - 2*x - x - 15 = b, 2*l - 18 = 4*x. List the prime factors of 16/l - 26/(-39).
2, 3
Suppose 3*n + 4888 = -10*n. Let o = n - -580. List the prime factors of o.
2, 3, 17
Suppose -2*v + 20 = -2*n, 36 = -0*v + 4*v - 3*n. Let k be 1 + (-2)/(-2) - -38. List the prime factors of (9 - v) + k/2.
23
Let j = 2357 + -1667. What are the prime factors of j?
2, 3, 5, 23
Suppose 8 = 7*v - 1350. List the prime factors of v.
2, 97
Suppose -3*l = -3*i - l + 9, 2*i = -4*l - 10. Let s(g) = 7*g**2 + 2*g**2 + 0*g + 0*g + g. List the prime factors of s(i).
2, 5
Let d(k) = 21*k - 65. Let g = 119 + -111. What are the prime factors of d(g)?
103
List the prime factors of (1 + 31)*(-3)/(24/(-128)).
2
Let n(s) = 2*s**2 + 3*s - 2. Let q be n(-3). Let x(y) = -5*y + 12. Let j(a) = -1. Let c(t) = -5*j(t) - x(t). List the prime factors of c(q).
2, 7
Suppose 0 = -4*n + n - 2*q + 21, q + 48 = 5*n. Let r(j) = 8*j + 2 - 9*j + 6*j. List the prime factors of r(n).
47
Suppose 3*a - u = 9, 5*u - 8 - 7 = 0. Suppose a*m = -0*s + s + 92, -5*s + 4*m - 460 = 0. What are the prime factors of ((-15)/(-10))/((-3)/s)?
2, 23
Suppose -3*h + 4*h - 49 = -2*j, 5*h = -5. Suppose a - 4*u = -a - 6, -5*a - 15 = 5*u. Let w = j + a. What are the prime factors of w?
2, 11
Let r(u) = -61*u + 12. List the prime factors of r(-6).
2, 3, 7
Let b(z) = -z**2 + 2*z + 13. Let n be b(6). Let y = -10 + n. List the prime factors of (-2)/(-7) - 1527/y.
73
Suppose 3502 = 7*s - 13522. List the prime factors of s.
2, 19
Let r = 57 + 643. What are the prime factors of r?
2, 5, 7
Suppose 3*g - 882 = -15*g. List the prime factors of g.
7
Suppose 4*w + 2 = 5*w. Suppose 316 = 3*i + 2*l, -w*l - 2 = -6. List the prime factors of i.
2, 13
Suppose 4*l - 11 = 1. Suppose 5*t - 4 = l*t. Suppose t*s = 4*s - 40. What are the prime factors of s?
2, 5
Suppose -40 = 5*l + 5*b, -3*b - 2*b + 50 = -5*l. Let n = l + 11. Suppose 2*w + 0*w - 58 = 4*d, n*w - 23 = -3*d. What are the prime factors of w?
19
Suppose 10*m - 654 = 13*m. Let c = m + 323. List the prime factors of c.
3, 5, 7
Suppose 0 = -p + 4*p + 3*z - 1008, -2*p + 4*z + 702 = 0. List the prime factors of p.
11, 31
Suppose -1 - 1 = -q. Let j be ((-3)/(-6))/(q/12). Suppose -j*g + 30 = 2*g - 4*n, -15 = 3*n. List the prime factors of g.
2
Suppose 1 = -2*i - q + 10, -3*i + 4*q = -19. Suppose 0 = i*o - 188 - 592. What are the prime factors of o?
2, 3, 13
Let a be 0 + 0 - (-6 - (5 + 146)). Suppose -x + a = 4*k, 2*x + 3*x - 44 = -k. What are the prime factors of k?
3, 13
Let y = -2048 - -4743. What are the prime factors of y?
5, 7, 11
Suppose -200 = -62*l + 58*l. Let o = l + -28. List the prime factors of o.
2, 11
Let j(o) be the first derivative of o**4/4 - 2*o**3 - 3*o**2/2 + o + 7. Let b = 1 + 6. List the prime factors of j(b).
29
Suppose -5*b + 5*g + 3580 = 0, -2156 = -3*b - 0*b - 5*g. What are the prime factors of b?
3, 239
Let d = -1290 + 4462. What are the prime factors of d?
2, 13, 61
Suppose -12556 = -9*x + 2384. What are the prime factors of x?
2, 5, 83
Let x = -82 + 84. What are the prime factors of 8/(x + 5 + -5)?
2
Let h(m) = -6*m**2 + 64*m + 21. Let o(z) = z**2 - 13*z - 4. Let l(u) = -2*h(u) - 11*o(u). What are the prime factors of l(-19)?
2, 3, 13
Suppose -4*t = -2*u - 8, 0 = 5*t - 0*t - 15. List the prime factors of (u/(-3))/(12/(-1044)).
2, 29
Let v(w) be the third derivative of -19*w**4/24 + 41*w**2. List the prime factors of v(-14).
2, 7, 19
Let j(o) be the first derivative of 71*o**3/3 - o**2/2 + o + 9. List the prime factors of j(1).
71
Let f(d) be the first derivative of 23*d**6/120 + d**2/2 - 5. Let m(c) be the second derivative of f(c). List the prime factors of m(1).
23
Let f(q) = 19*q**2 - 4*q - 3. Let c be f(-2). Suppose -x = -0 - c. List the prime factors of x.
3
Let a(v) = -7*v + 12. Let o be a(-6). Suppose 3*m - 3*j = o, 0 = 5*m - 2*m + j - 66. Let f = m - 15. List the prime factors of f.
2, 3
Let o(a) = -a**2 - 5*a - 1. Let n be o(-4). Suppose 5*g - 2*g = 5*v - 299, -2*v - n*g = -107. What are the prime factors of v?
2, 29
Suppose 124 = 4*u - 344. Suppose -f - 25 = -6*f, 2*f - 79 = y. Let a = u + y. List the prime factors of a.
2, 3
Suppose -691 + 108 = -m. List the prime factors of m.
11, 53
List the prime factors of (-11 - -4) + (1434 - 12).
5, 283
Let a = 53 - -1052. What are the prime factors of a?
5, 13, 17
List the prime factors of -76 + 1949 + 8/(-2).
3, 7, 89
Suppose 0 = 3*l - 23 + 8, l + 60 = 5*s. Let h = s + 63. What are the prime factors of h?
2, 19
Let a(l) = -l**3 + 17*l**2 - 2*l - 32. What are the prime factors of a(14)?
2, 3, 11
Suppose -4*m = -8, m + 960 = 6*g - 5*g. List the prime factors of g.
2, 13, 37
Let c be 68/7 - (-18)/63. Let a = 13 - c. Let n = a - -5. What are the prime factors of n?
2
Let m(r) = -r**3 - 4*r**2 + 6*r + 6. Let n be (-3)/1 - (4 - 2). Let g be m(n). Suppose -77 - g = -3*a. What are the prime factors of a?
2, 13
Suppose 0 = -l + j + 152 + 149, -2*j - 1502 = -5*l. List the prime factors of l.
2, 3, 5
Let z(m) = -2*m - 2. Let c(w) = w - 5. Let h be c(4). Let t be z(h). Suppose 2*i - 8 = t, -l = -0*l - i - 15. List the prime factors of l.
19
Suppose 2*x - 2*o = 3696, 4*x + 4*o - 7705 + 281 = 0. List the prime factors of x.
2, 463
Let t be ((0/2)/1)/1. Suppose t*b + 5*b + 35 = 0. Let w(u) = -u**3 - 6*u**2 + 4*u - 7. List the prime factors of w(b).
2, 7
Let c(l) = -l**3 - 3*l**2 + 2*l - 4. Let r be c(-4). Suppose 2*f = -10, -p + 0*p + r*f + 73 = 0. List the prime factors of p.
53
Let f(p) be the first derivative of -p - 53/4*p**4 - 2/3*p**3 - p**2 - 2. List the prime factors of f(-1).
2, 13
Let c(o) = -151*o - 13. What are the prime factors of c(-4)?
3, 197
Let h = -37 